ermine v(p).
0
Let y(g) = 3*g**2 - 12*g - 10. Let q(j) = 5*j**2 - 14*j - 11. Let c(t) = -2*q(t) + 3*y(t). Calculate c(-8).
-8
Let a(t) = 12*t - 20. Let l(i) = -i**3 + 4*i**2 + 20*i - 6. Let c be l(0). What is a(c)?
-92
Suppose -88 = -5*k + 2. Suppose -10*r + 8*r + k = 0. Let q(z) = -z + r*z - 31*z. What is q(1)?
-23
Suppose -3*f - 15 = 2*j + j, -17 = f + 4*j. Suppose -3*n + 18 = 3*m, 8 = m - 2*n - 10. Let q(l) = -33*l**2 - m*l**2 - 1 + 41*l**2. Determine q(f).
-3
Let x(q) = 2*q - 39. Let m(b) = 4*b - 108. Let d be m(-4). Let z = d - -142. Determine x(z).
-3
Let j = 126 - 110. Let n be -2 + j/6 - (-16)/12. Let t(y) = 5*y - 5. What is t(n)?
5
Let d(m) = -4 + m + 1 - 2. Suppose 2660 = 141*s - 131*s. Let c be s/49 + 6/(-14). Determine d(c).
0
Let q(o) = o**2 + 5*o + 5. Let d(h) = -10*h - 11. Let c be d(-5). Let f = -23 + c. Suppose -3*u + 8*g - 3*g - 35 = 0, g = -4*u - f. Give q(u).
5
Let u(y) = y**2 + 8*y + 7. Let v(q) = 2*q**2 - 21*q + 25. Let b be v(10). Let m be 4/(-10) - 3/b*38. Calculate u(m).
7
Let u = -20595 + 20589. Let s(z) = z**2 + 39*z + 207. Give s(u).
9
Let k(j) = -7*j**2. Let p = -65 - -71. Suppose -p*u + 1 = 25. Let h be -26*5/110 - u/22. What is k(h)?
-7
Let i(v) = 14*v - 96*v - 9*v**2 + 26*v - v**3 + 17*v + 27*v - 33. What is i(-8)?
-1
Suppose 2*l - 7 = -m, -3*l = -3*m - 17 - 7. Let d = 154 - 141. Let o(u) = -4*u - 14. Let t(r) = 8*r + 31. Let c(a) = d*o(a) + 6*t(a). Give c(m).
16
Let a(w) = -w**2 - 2 + 4*w**3 + 0*w**3 - 3*w**3 - w. Let x be 26/(-156) + (-62)/(-12). Suppose -6*i = 5*i - x*i. Calculate a(i).
-2
Let d(v) be the third derivative of -3/10*v**5 + 2 + 0*v**3 + 0*v - 29*v**2 - 1/24*v**4. Determine d(-1).
-17
Let f(x) = 3*x + 2. Let g = -163 - -259. Suppose 0 = 101*o - g*o - 10. Determine f(o).
8
Let h(r) = r + 1. Let w(f) = 2*f + 3. Let y(v) = -10*h(v) + 6*w(v). Suppose 136*t - 24 = 4*g + 132*t, -g - 4*t - 16 = 0. What is y(g)?
-8
Let o(x) = -39*x - 194. Suppose -79*p + 10 = -81*p, q + p = -10. Give o(q).
1
Let r(g) = 15*g**3 - 25*g**2 + 49*g + 24. Let u(m) = -41*m**3 + 75*m**2 - 148*m - 75. Let p(k) = 11*r(k) + 4*u(k). What is p(-27)?
-63
Let w(s) = 46*s - 168. Let q(p) = -24*p + 92. Let c(n) = 11*q(n) + 6*w(n). Calculate c(-4).
-44
Let h = 43519 + -43510. Let f(i) = 2*i**3 - 21*i**2 + 28*i + 2. Calculate f(h).
11
Let m(r) = 4*r + 3 + 2 - r. Suppose -2*n - 13 = f, -4*n - f - 6 = -3*f. Give m(n).
-7
Let t(d) = -15*d**2 + 2*d + 17. Let r = -50 + 63. Suppose -r*s - 54 = -4*s. Let p(b) = 8*b**2 - b - 9. Let j(m) = s*t(m) - 11*p(m). Determine j(3).
12
Let n(d) = d**3 + 16*d**2 + 16*d + 10. Suppose 2*i - 8 = 4*y, 0 = 4*i - 3*y + 4 - 5. Let x be 15*(0 + 2)/i. Determine n(x).
-5
Suppose x + 4*x = 295. Let s(b) = 28 - 3*b + 24 - x + b. Suppose -i = -3*i - 12. Determine s(i).
5
Let f(i) be the third derivative of -3*i**4/8 + 4*i**3/3 + 1387*i**2. What is f(16)?
-136
Let l(y) = 14*y**2 - 44*y - 12. Let v be (-1 + -6)/(-5 - (6 - 10)). Let x(n) = 12 + v*n - 5*n**2 - 22 + 14 + 8*n. Let o(a) = 6*l(a) + 17*x(a). Give o(-9).
-4
Let g(d) = d**3 + 181*d**2 - 553*d - 203. Let o be g(-184). Let j(s) = -s**3 - 20*s**2 - 19*s - 13. Give j(o).
-13
Suppose 3*c + 8 = y, -12*c - 10 = -7*c. Let x(s) = 12014*s**2 + y - 12015*s**2 + s + 3*s - 3. Give x(2).
3
Let z(b) = b**3 + 7*b**2 + 6*b + 67. Let a(w) = 2*w**3 + 14*w**2 + 12*w + 113. Let j(s) = -3*a(s) + 5*z(s). Determine j(-6).
-4
Let l(a) = -310 + 409 + a**3 + a - 13*a**2 - 55. Give l(13).
57
Let w(k) = -1569*k**2 + 1572*k**2 + 58 - 66 - 3*k. Determine w(3).
10
Let w(k) = -k**3 - 8*k**2 + 2*k + 3. Let p = -2352 - -2344. What is w(p)?
-13
Let d = 1465 + -1459. Let p = 2 + 0. Let b(l) = -l**2 + 2 - p*l**2 + 8*l**2 - 4*l**2 - 5*l. Determine b(d).
8
Let z(p) = -5946*p**2 - 5946*p**2 - 8*p - 5944*p**2 + 17838*p**2 - 8. Give z(4).
-8
Let a(u) = 212*u + 1059. Let b be a(-5). Let j(s) = -87*s + 2. What is j(b)?
89
Let t be (-1*2)/((-36)/(-4) + -8). Let c(x) = x**3 + 8*x**2 - x + 4. Let b(r) = -4*r**3 - 33*r**2 + 3*r - 18. Let s(h) = t*b(h) - 9*c(h). What is s(-7)?
28
Let x(y) = 10*y. Let o(l) = 19*l + 4. Let j(q) = -o(q) + 2*x(q). Suppose 0*t + t + 6 = w, 5*t - 10 = 0. What is j(w)?
4
Let g(t) = 31*t**2 + 3 - 42*t + 38*t**2 + 3*t**3 + t**2 - 2*t**3 - 29*t**2. Calculate g(-42).
3
Let u(q) be the first derivative of 25 - 10/3*q**3 + 1/4*q**4 + 9/2*q**2 + 6*q. What is u(9)?
6
Let q(g) = 4*g**3 + 45*g**2 - 43*g + 445. Let d(l) = 3*l**3 + 44*l**2 - 43*l + 387. Let v(w) = -5*d(w) + 4*q(w). Determine v(39).
1
Suppose -20 = 2*w + 3*i, -13 = w - 4*i - 25. Let c be 96/52 - (-4)/26. Let y(h) = 4*h**2 + 3*h + h**3 - 3 - 3*h - c*h. What is y(w)?
5
Let p be 11*(-10 - -8)/(3 + (-1)/1). Let t(u) = -4*u - 30. What is t(p)?
14
Let f(w) = 3*w + 38. Let y be ((-410)/(-15) - 27)*(-25 + -2). Calculate f(y).
11
Let f(m) be the third derivative of -m**5/60 - m**4/24 - 11*m**3/6 - 5*m**2. Suppose -4*r = -3*r + 15. Let g be 2/(-15) + (-2)/r. Give f(g).
-11
Let a = -59 + 67. Suppose -5*p + a*p = 5*m - 2, -3*p + 8 = 5*m. Let i(q) = -2*q**3 - q + 1. What is i(p)?
-2
Let w(d) = -7*d - 2. Let b(y) = y. Let a(c) = 6*b(c) + w(c). Let h = 147 + -11. Let m = h + -138. Determine a(m).
0
Let p(n) = n + 1. Let k be p(2). Let o be 11/k + 4/(-6). Let b(x) be the third derivative of -x**5/20 + x**4/12 + x**3/3 - 3*x**2 - 2*x + 13770. Give b(o).
-19
Let m(h) = -9*h + 19. Let z(s) = -60*s + 114. Let u(q) = 13*m(q) - 2*z(q). Calculate u(-5).
4
Let v(b) = -4*b - 14. Let f(m) = -m**3 + 20*m**2 - 16*m - 10. Let s be f(19). Let l = s + -53. Determine v(l).
10
Let m(c) be the first derivative of -2*c**3/3 - c**2 + 186. Let n(t) = -t**2 + t + 1. Let h(k) = -m(k) + n(k). Calculate h(-5).
11
Let o be 771/(-3) - (-4 + 1). Let c = o - -259. Let l(u) = u**3 - 5*u**2 - 6*u - 2. What is l(c)?
-32
Let j(f) = -f**3 + 14*f**2 + 13*f + 3. Let k(d) = -d**2 - 3*d - 1. Let y(p) = -j(p) - 6*k(p). Calculate y(5).
-47
Let q(j) = -10*j**2 - 65*j - 75. Let m(a) = 2*a**2 + 16*a + 19. Let d(k) = -9*m(k) - 2*q(k). Let c be d(8). Let r(y) = -y + 8. Determine r(c).
13
Let v = -629 - -632. Let r(c) = -10*c**3 - c**2 - 3*c + 1. Let m(f) = -7*f**3 - 2*f**2 - 3*f + 1. Let k(h) = v*m(h) - 2*r(h). Give k(-3).
1
Let h(u) = 19. Let q(y) = y - 18. Let j(i) = -7*h(i) - 6*q(i). Let b be j(-5). Let w(v) = -v + 4 - b + 2 - 3. Give w(-3).
1
Let q be (-6)/21 - 3140/35. Let m = 82 + q. Let f = 5 + m. Let g(b) = -b**3 - 5*b**2 - 2*b + 3. Determine g(f).
-9
Let l(k) = 2*k**3 + 28*k**2 + 24*k - 17. Suppose 0 = -41*w + 14*w + 17*w - 130. What is l(w)?
9
Let v = -132 + 137. Suppose v*o + 4*o = 18. Let d(z) be the second derivative of -z**4/6 + z**3/6 + z**2 - z. Determine d(o).
-4
Let t(a) = 12*a**2 + a. Let w = -109 - 130. Let r = -240 - w. Determine t(r).
11
Suppose -77 = -5*d + 4*m, 1127*d = 1126*d - m + 1. Let g(r) be the third derivative of r**6/120 - r**5/6 + r**4/3 - 4*r**3/3 - r**2. Give g(d).
-17
Let h be (-2)/3 - 138/(-18). Let c(m) = 2*m - 16. Let k be c(9). Let a(p) = -472 + 468 - 5*p - 2*p + p**k. Determine a(h).
-4
Let l(k) = -2*k + 1. Let x(c) = -4*c + 26. Let r(t) = 4*l(t) - x(t). Let z be r(-5). Let d(q) = 3*q + 6. Give d(z).
0
Let m(n) = -35*n - 2575. Let u(x) = 3*x + 206. Let w(a) = 2*m(a) + 25*u(a). What is w(11)?
55
Suppose -q = -4*z - 2 + 4, q + 2*z = -14. Let p(w) = w**2 + 9*w + 18. Give p(q).
28
Let g = 244 - 216. Let c be 42/g*(-112)/(-12). Let d(o) = o**2 - 14*o - 5. Give d(c).
-5
Let c(j) be the second derivative of -j**4/4 + 2*j**3/3 - 3*j**2 - 2033*j. Determine c(3).
-21
Let o(h) = -2*h**2 - 7*h + 6. Suppose 2*u + 22*a - 18*a = -16, 4*u - 3*a + 21 = 0. Give o(u).
-24
Let h be (6/(-33))/((-12)/264). Let x(m) = -m**3 + 4*m**2 - 3*m + 19. What is x(h)?
7
Let h(z) = -5*z**3 + z**2 + 3*z - 5. Let r = 107 + -102. Let v(t) = 6*t**3 - t**2 - 4*t + 6. Let d(n) = r*h(n) + 4*v(n). Let i = 3 - 4. Determine d(i).
2
Let a = -65 - -61. Let l be -3*((-129)/9 - a). Suppose 4*x - 37 = w, 0 = -4*x - 0*w - 5*w + l. Let d(m) = -m**3 + 9*m**2 + m - 8. Calculate d(x).
1
Let n(o) = -12*o + 63. Let i(z) = 5*z - 30. Let l(w) = -9*i(w) - 4*n(w). What is l(-10)?
-12
Suppose 6*c = 42*c - 180. Let a(i) = 112*i + 10. Let r(t) = -36*t - 3. Let q(j) = c*a(j) + 16*r(j). Calculate q(2).
-30
Let v(m) = 23*m + 1. Let p be ((-112)/(-70))/(4/10). Suppose 4 = s, 0 = -2*g - 3*s + 14 - p. Determine v(g)